{"id":26608,"date":"2026-02-05T13:20:13","date_gmt":"2026-02-05T11:20:13","guid":{"rendered":"https:\/\/2procente.info\/beneficiari\/centrul-de-reabilitare-a-victimelor-torturii-memoria-3\/"},"modified":"2026-02-05T13:20:14","modified_gmt":"2026-02-05T11:20:14","slug":"centrul-de-reabilitare-a-victimelor-torturii-memoria","status":"publish","type":"beneficiari","link":"https:\/\/2procente.info\/ru\/beneficiari\/centrul-de-reabilitare-a-victimelor-torturii-memoria\/","title":{"rendered":"Centrul de Reabilitare a Victimelor Torturii \u201cMemoria\u201d"},"content":{"rendered":"<div class=\"elementor-element elementor-element-9f1c589 vertical-border-remove-yes elementor-widget elementor-widget-bdt-table\" data-id=\"9f1c589\" data-element_type=\"widget\" data-widget_type=\"bdt-table.default\">\n<div class=\"elementor-widget-container\">\n<div id=\"bdt-table-9f1c589\" class=\"bdt-table bdt-overflow-auto bdt-stripe\">\n<table>\n<tbody>\n<tr>\n<td style=\"width: 35%;\">Cod fiscal<\/td>\n<td style=\"color: #d63f49;\">1010620006734<\/td>\n<\/tr>\n<tr>\n<td>Forma juridic\u0103 de organizare<\/td>\n<td style=\"color: #d63f49;\">Institu\u021bie Privat\u0103<\/td>\n<\/tr>\n<tr>\n<td>Domeniul principal de activitate<\/td>\n<td style=\"color: #d63f49;\">Democra\u021bie \u0219i Drepturile Omului<\/td>\n<\/tr>\n<tr>\n<td>Domeniul principal de activitate 1<\/td>\n<td style=\"color: #d63f49;\">Protec\u021bie social\u0103<\/td>\n<\/tr>\n<tr>\n<td>Domeniul principal de activitate 2<\/td>\n<td style=\"color: #d63f49;\">S\u0103n\u0103tate<\/td>\n<\/tr>\n<tr>\n<td>Date de contact<\/td>\n<td style=\"color: #d63f49;\">https:\/\/www.facebook.com\/groups\/www.memoria.md\/about <\/td>\n<\/tr>\n<\/tbody>\n<\/table>\n<\/div>\n<\/div>\n<\/div>\n","protected":false},"excerpt":{"rendered":"<p>Cod fiscal 1010620006734 Forma juridic\u0103 de organizare Institu\u021bie Privat\u0103 Domeniul principal de activitate Democra\u021bie \u0219i Drepturile Omului Domeniul principal de activitate 1 Protec\u021bie social\u0103 Domeniul principal de activitate 2 S\u0103n\u0103tate Date de contact https:\/\/www.facebook.com\/groups\/www.memoria.md\/about<\/p>\n","protected":false},"author":3,"featured_media":0,"menu_order":0,"template":"","format":"standard","meta":{"_acf_changed":false,"cybocfi_hide_featured_image":"","footnotes":""},"categorie-beneficiari":[83],"class_list":["post-26608","beneficiari","type-beneficiari","status-publish","format-standard","hentry","categorie-beneficiari-democratie-si-drepturile-omului"],"acf":[],"_links":{"self":[{"href":"https:\/\/2procente.info\/ru\/wp-json\/wp\/v2\/beneficiari\/26608","targetHints":{"allow":["GET"]}}],"collection":[{"href":"https:\/\/2procente.info\/ru\/wp-json\/wp\/v2\/beneficiari"}],"about":[{"href":"https:\/\/2procente.info\/ru\/wp-json\/wp\/v2\/types\/beneficiari"}],"author":[{"embeddable":true,"href":"https:\/\/2procente.info\/ru\/wp-json\/wp\/v2\/users\/3"}],"version-history":[{"count":1,"href":"https:\/\/2procente.info\/ru\/wp-json\/wp\/v2\/beneficiari\/26608\/revisions"}],"predecessor-version":[{"id":28204,"href":"https:\/\/2procente.info\/ru\/wp-json\/wp\/v2\/beneficiari\/26608\/revisions\/28204"}],"wp:attachment":[{"href":"https:\/\/2procente.info\/ru\/wp-json\/wp\/v2\/media?parent=26608"}],"wp:term":[{"taxonomy":"categorie-beneficiari","embeddable":true,"href":"https:\/\/2procente.info\/ru\/wp-json\/wp\/v2\/categorie-beneficiari?post=26608"}],"curies":[{"name":"wp","href":"https:\/\/api.w.org\/{rel}","templated":true}]}}

<div class="elementor-element elementor-element-9f1c589 vertical-border-remove-yes elementor-widget elementor-widget-bdt-table" data-id="9f1c589" data-element_type="widget" data-widget_type="bdt-table.default">
<div class="elementor-widget-container">
<div id="bdt-table-9f1c589" class="bdt-table bdt-overflow-auto bdt-stripe">
<table>
<tbody>
<tr>
<td style="width: 35%;">Cod fiscal</td>
<td style="color: #d63f49;">1010620006734</td>
</tr>
<tr>
<td>Forma juridică de organizare</td>
<td style="color: #d63f49;">Instituție Privată</td>
</tr>
<tr>
<td>Domeniul principal de activitate</td>
<td style="color: #d63f49;">Democrație și Drepturile Omului</td>
</tr>
<tr>
<td>Domeniul principal de activitate 1</td>
<td style="color: #d63f49;">Protecție socială</td>
</tr>
<tr>
<td>Domeniul principal de activitate 2</td>
<td style="color: #d63f49;">Sănătate</td>
</tr>
<tr>
<td>Date de contact</td>
<td style="color: #d63f49;">https://www.facebook.com/groups/www.memoria.md/about </td>
</tr>
</tbody>
</table>
</div>
</div>
</div>

<p>Cod fiscal 1010620006734 Forma juridică de organizare Instituție Privată Domeniul principal de activitate Democrație și Drepturile Omului Domeniul principal de activitate 1 Protecție socială Domeniul principal de activitate 2 Sănătate Date de contact https://www.facebook.com/groups/www.memoria.md/about</p>
